9189. Determine y(3).
2
Let f(v) = -14*v**2 - 84*v - 40. Give f(-6).
-40
Let l(r) = 2*r**3 - 27*r**2 - 85*r + 6. Give l(-3).
-36
Let c(y) = 4*y**2 + 327*y + 4392. Calculate c(-17).
-11
Let j(y) = -3*y**2 + 1102*y - 45185. Determine j(47).
-18
Let d(g) = -22*g**2 - 475*g - 1695. What is d(-17)?
22
Let d(b) = -1182*b - 127171. Calculate d(-105).
-3061
Let r(t) = 998*t + 9026. Determine r(-9).
44
Let m(c) = 6*c**3 + 172*c**2 + 185*c + 14. Determine m(-1).
-5
Let l(q) = 2672*q + 10750. What is l(-4)?
62
Let r(t) = -4*t**2 + 11170*t - 537730. What is r(49)?
-4
Let b(i) = -364*i**2 - 449*i. What is b(-1)?
85
Let u(j) = -26*j**3 - j**2 - 393*j + 71. Calculate u(0).
71
Let n(i) = i**2 - 1081*i + 37609. What is n(37)?
-1019
Let i(k) = -k**2 + 3609*k + 98193. What is i(-27)?
21
Let g(y) = -10593*y + 381192. Calculate g(36).
-156
Let x(o) = -96*o**3 - 10*o**2 - 8*o - 9. Give x(-2).
735
Let r(p) = 3*p**2 + 217*p - 10271. Calculate r(35).
999
Let g(q) = -234*q - 25780. Give g(-110).
-40
Let b(r) = -1829*r - 8884. What is b(-8)?
5748
Let j(p) = -63*p**3 + 691*p**2 + 14*p + 96. Give j(11).
8
Let m(t) = 260*t + 313. Determine m(0).
313
Let c(x) = 376251*x + 3386255. Determine c(-9).
-4
Let q(c) = -6*c**2 - 6226*c - 110332. What is q(-18)?
-208
Let b(d) = -d**2 - 418726*d - 2093601. What is b(-5)?
4
Let t(n) = -52*n**2 - 574*n + 3047. Calculate t(4).
-81
Let x(m) = m**2 - 1001*m + 235013. Determine x(625).
13
Let c(v) = 708*v - 321705. Give c(453).
-981
Let p(v) = -16*v**2 + 429*v + 140278. Calculate p(108).
-14
Let l(b) = -6*b**3 - 216*b**2 - 1105*b - 740. Give l(-30).
10
Let k(m) = -m**3 + 38*m**2 - 2480*m + 13714. Calculate k(6).
-14
Let f(m) = 3802*m + 262364. What is f(-69)?
26
Let w(q) = -8412*q + 16417. Determine w(2).
-407
Let v(c) = 2*c**3 - 41*c**2 + 26*c + 440. Give v(19).
-149
Let a(d) = 1021*d + 25507. Calculate a(-25).
-18
Let p(x) = 5*x**3 - 84*x**2 + 132*x - 2163. Give p(16).
-1075
Let c(h) = h**3 - 7*h**2 - 44*h - 71. Give c(-5).
-151
Let m(n) = -n**3 - 27*n**2 + 2509*n - 1478. Determine m(38).
4
Let y(t) = 4584*t - 73492. Determine y(16).
-148
Let g(i) = 329*i - 212529. Calculate g(646).
5
Let z(b) = -934*b + 31596. Calculate z(34).
-160
Let o(k) = k**3 + 86*k**2 - 52*k + 27657. Calculate o(-90).
-63
Let l(k) = -2*k**2 - 4892*k - 2761644. Give l(-884).
-28
Let f(k) = k**3 + 115*k**2 + 536*k - 1520. Calculate f(-110).
20
Let b(n) = 549*n - 11061. Determine b(21).
468
Let q(t) = -2*t**2 - 1834*t - 412753. What is q(-520)?
127
Let c(k) = -2993*k + 20224. Give c(7).
-727
Let w(p) = -382643*p - 1530532. What is w(-4)?
40
Let s(a) = 18072*a - 90352. Calculate s(5).
8
Let l(o) = 43*o**2 - 588*o - 1581. Determine l(16).
19
Let t(l) = -64*l**3 - 2686*l**2 + 49*l + 7. Calculate t(-42).
1477
Let g(b) = -2*b**3 + 24*b**2 - 24*b + 10. Give g(10).
170
Let y(n) = -22*n**2 - 4250*n + 3. Determine y(0).
3
Let a(d) = -d**3 + 20*d**2 - 809*d + 26941. What is a(27)?
-5
Let u(q) = q**2 - 39*q - 339. Calculate u(-14).
403
Let b(i) = 290*i + 1750. What is b(-5)?
300
Let x(i) = -1773*i**2 - 10642*i - 12. Determine x(-6).
12
Let t(a) = -5*a**3 + 45*a**2 - 4*a - 123. Calculate t(9).
-159
Let s(w) = -3*w**3 + 68*w**2 - 62*w + 339. Determine s(22).
-57
Let t(b) = 91*b**2 - 175*b - 2. Determine t(1).
-86
Let f(n) = -n**3 + 92*n**2 - 340*n + 6538. Give f(89).
41
Let q(m) = -5*m**2 + 269*m - 1543. Determine q(47).
55
Let m(g) = 3*g**3 + 29*g**2 + 100*g + 177. What is m(-9)?
-561
Let y(j) = -1197*j + 27453. What is y(23)?
-78
Let x(l) = 9*l**2 - 16024*l + 348166. Calculate x(22).
-6
Let p(f) = 59493*f - 713704. What is p(12)?
212
Let t(d) = -2*d**3 + 57*d**2 - d - 36. Give t(0).
-36
Let q(l) = l**2 - 1463*l - 116709. Calculate q(-76).
255
Let g(j) = -4159*j - 503240. Determine g(-121).
-1
Let d(v) = 2*v**2 - 17208*v + 137555. Give d(8).
19
Let n(y) = 56*y**2 - 2859*y - 8585. Calculate n(-3).
496
Let s(c) = c**3 - 110*c**2 - 2375*c - 1165. What is s(-18)?
113
Let u(h) = -11*h**2 + 1037*h + 219. Calculate u(95).
-541
Let b(j) = 484*j + 35049. Give b(-72).
201
Let c(x) = -7779*x + 93349. What is c(12)?
1
Let n(q) = 1753*q - 28059. What is n(16)?
-11
Let d(m) = 3*m**3 - 327*m**2 + 262*m + 6671. Determine d(108).
-25
Let k(w) = w**2 + 101207*w - 5062848. Calculate k(50).
2
Let v(k) = 11284*k - 11166. What is v(1)?
118
Let d(c) = -c**2 + 60374*c + 181120. Determine d(-3).
-11
Let i(p) = -5*p**2 - 85*p - 336. Determine i(-5).
-36
Let j(x) = x**3 - 2364*x**2 + 21202*x - 41. Give j(9).
22
Let y(u) = u**2 - 3128*u + 753199. Calculate y(263).
-296
Let o(u) = 161*u**2 + 50849*u - 8507. Give o(-316).
25
Let r(t) = t**2 - 535*t - 18906. What is r(-34)?
440
Let x(r) = 125*r + 8465. What is x(-77)?
-1160
Let z(i) = -6076*i + 91228. Determine z(15).
88
Let p(v) = -6*v**2 - 1756*v - 10329. Calculate p(-6).
-9
Let j(t) = 795*t + 13591. Calculate j(-17).
76
Let u(g) = -24471*g - 416022. What is u(-17)?
-15
Let b(p) = -p**3 - 12*p**2 - 107*p + 96. What is b(-11)?
1152
Let t(m) = 3*m**2 + 14770*m - 207370. Give t(14).
-2
Let a(k) = -10203*k - 2948642. Calculate a(-289).
25
Let b(h) = 8*h**2 - 2854*h + 232577. Determine b(126).
-19
Let a(x) = -2*x**2 + 1931*x + 34402. Calculate a(983).
-3
Let t(s) = -4*s**2 + 106*s - 957. Give t(21).
-495
Let d(w) = -22745*w - 181851. Calculate d(-8).
109
Let w(y) = 2*y**3 + 6*y**2 - 369*y + 56. Determine w(-16).
-696
Let w(a) = -15379*a - 138580. What is w(-9)?
-169
Let l(j) = -2*j**3 + 7*j**2 - 196941*j + 196933. Determine l(1).
-3
Let x(q) = 210*q - 447. What is x(1)?
-237
Let z(c) = 42*c + 5138. Calculate z(-121).
56
Let s(q) = -q**3 + 196*q**2 - 886*q + 96618. Determine s(194).
6
Let g(a) = a**2 - 605*a + 85027. Give g(383).
1
Let f(w) = 582*w - 14015. Calculate f(26).
1117
Let k(j) = -j**2 - 9679*j + 457036. Give k(47).
-86
Let q(r) = r**3 - 4*r**2 - 33639*r + 4. Determine q(0).
4
Let f(x) = 5*x**3 + 23*x**2 - 16*x - 62. Give f(-4).
50
Let x(a) = -5*a**2 - 444*a + 10524. Calculate x(24).
-3012
Let t(m) = 13*m**2 - 1961*m - 601. Calculate t(151).
-299
Let c(f) = -162629*f + 162716. Determine c(1).
87
Let b(c) = 21*c**2 - 285*c - 2065. What is b(-7)?
959
Let s(n) = 253*n**2 + 145730*n + 1161. Determine s(-576).
9
Let f(b) = 128985*b + 386960. Give f(-3).
5
Let d(r) = -r**3 - 332*r**2 + 684*r + 116909. Give d(-333).
26
Let n(z) = -4*z**2 + 1263*z + 941141. Calculate n(668).
-71
Let i(q) = -4*q**2 - 181*q + 147520. Give i(-216).
-8
Let o(r) = r**2 + 4694*r - 3959523. What is o(730)?
-3
Let t(m) = 10100*m - 10950. What is t(1)?
-850
Let i(j) = -4*j**3 - 135*j**2 - 11*j - 1692. What is i(-34)?
-162
Let p(i) = 52*i**2 + 6795*i + 36873. Calculate p(-125).
-2
Let u(h) = -1641*h**2 + 13023*h - 10758. Determine u(7).
-6
Let o(c) = 5993*c + 941143. Give o(-157).
242
Let h(q) = q**3 + 85*q**2 + 388*q - 31527. Give h(-74).
-3
Let w(u) = 60523*u + 60410. Calculate w(-1).
-113
Let l(v) = 1804*v + 224758. Calculate l(-126).
-2546
Let n(f) = -f**2 - 1922*f + 3407057. Give n(1120).
17
Let b(c) = -15*c**3 + c**2 + 53*c - 197. What is b(5)?
-1782
Let h(a) = -2*a**3 - 144*a**2 + 936*a + 93. Give h(-78).
93
Let g(i) = -84*i**2 + 1936*i - 128. What is g(23)?
-36
Let w(m) = 23204*m - 115985. Give w(5).
35
Let g(m) = -m**3 + 3379*m**2 - 146740*m - 4. Give g(44).
-4
Let o(t) = 21164*t + 804253. What is o(-38)?
21
Let s(k) = -k**2 - 217*k - 2475. What is s(-204)?
177
Let j(s) = -2*s**3 - 271*s**2 + 407*s - 130. Determine j(-137).
418
Let l(u) = -433*u**2 - 13288*u - 21207. What is l(-29)?
-8
Let s(h) = 34415*h - 516176. Calculate s(15).
49
Let c(b) = -1372*b + 8284. Determine c(6).
52
Let i(a) = 8*a**3 - 31*a**2 - 90*a - 1. Calculate i(8).
1391
Let a(l) = 41*l**3 - 5*l**2 - 73*l - 122. Give a(-2).
-324
Let m(k) = -k**3 + 39*k**2 + 357*k + 902. Determine m(47).
9
Let o(l) = -1248*l - 34839. Give o(-28).
105
Let x(g) = 45537*g + 2413457. Determine x(-53).
-4
Let d(m) = 36*m - 1994. What is d(26)?
-1058
Let u(t) = 2*t**3 + 48*t**2 + 54*t + 492. Calculate u(-24).
-804
Let r(z) = 5*z**2 - 366*z - 1188. What is r(78)?
684
Let n(w) = 7*w**3 - 265*w**2 + 33*w - 2695. Calculate n(38).
3
Let y(j) = -11*j**2 + 67*j + 1777. Determine y(-11).
-291
Let c(i) = -i**3 - 293*i**2 - 7140*i + 1118. What is c(-27)?
-16
Let g(a) = a**3 - 115*a**2 + 208*a + 1169. Give g(113).
-865
Let i(r) = -4*r**3 + 